culate the highest common factor of 15 and u.
15
Suppose 2*p - 12 = 2*q, p + 4*q + 3 - 19 = 0. Let n = -193 - -117. Let s = n + 116. What is the highest common factor of s and p?
8
Let f = 23 - 14. Let h = -402 + 405. What is the greatest common divisor of h and f?
3
Let z = -132 - -148. Calculate the highest common factor of 672 and z.
16
Let s = -93 - -118. What is the highest common factor of 65 and s?
5
Let m = 4 - -40. Suppose -w + 2*w - 4*q - 19 = 0, -5*q = 10. Calculate the highest common factor of m and w.
11
Suppose 0*q - 528 = -8*q. What is the greatest common divisor of q and 88?
22
Let s(t) = t**2 + 2*t - 18. Let j be s(5). Suppose -4*c + c + 3*h + 48 = 0, 4*c - 5*h = 63. What is the greatest common divisor of c and j?
17
Let g be (36/14)/(995/70 - 14). Calculate the greatest common factor of 348 and g.
12
Let w(j) = 2*j**2 + j - 27. Let k be w(6). What is the greatest common divisor of k and 34?
17
Suppose -16*s + 25 = -279. Let f = s - -43. Calculate the greatest common factor of f and 558.
62
Let g be -15 + (2 + 0 - -1). Let o be ((-6)/g)/(1/(-102)*-3). What is the greatest common divisor of 187 and o?
17
Let f = -2 - -59. What is the greatest common divisor of f and 19?
19
Suppose 4*z + 0*z + 4*v = 4, -4*z + 9 = -v. Suppose -2*o = -2*q + 296, -3*q = -z*q + 4*o - 123. Calculate the highest common factor of 11 and q.
11
Suppose 4*h = h + 726. Suppose -25 = -0*j + 3*j - 4*v, 0 = 2*j + v + 2. Let i be 0 + (-6)/j + 20. What is the highest common factor of h and i?
22
Let d be 172/(-258) - 202/(-6). Let a(f) = -f + 5. Let x be a(-6). What is the greatest common factor of d and x?
11
Let r(f) = -f**2 + 11*f + 3. Let j be r(11). Let h be (-2)/(4/j - 2). What is the highest common divisor of 2 and h?
1
Let h be 231/4*8/6. Calculate the highest common divisor of 21 and h.
7
Let p be (-908)/(-36) - 16/72. What is the highest common factor of p and 25?
25
Let h = 422 - 369. Calculate the greatest common factor of 636 and h.
53
Let b(j) = -j**2 - 6*j + 5. Suppose -2*w - 7 = s + 2, -w + 23 = -5*s. Let r be b(s). Let m = -34 - -49. Calculate the greatest common divisor of m and r.
5
Let r = -22 - -32. Let y = -887 - -892. What is the greatest common factor of y and r?
5
Let w be (20/(-8) + 0)*-2. Let q = -2 - -9. Let d = q - 5. Calculate the greatest common factor of d and w.
1
Let m(u) be the second derivative of 4*u + 1/3*u**4 - 3/2*u**2 + 0 + 1/3*u**3. Let a be m(2). What is the highest common factor of a and 187?
17
Let v(d) = 2*d**2 - 10*d - 40. Let l be v(-4). Suppose 0 = -2*q - 3*q + 640. What is the highest common divisor of l and q?
32
Let z be (-6)/4*(-1)/3*128. Suppose 4*m - g - 8 = 376, 0 = 3*m + 2*g - 288. Calculate the highest common factor of z and m.
32
Suppose 26 = -5*n + 2*z + 225, 0 = 4*n - 2*z - 160. Let o be (-2)/(-1 - ((-165)/39)/5). What is the highest common factor of o and n?
13
Let c = -1905 - -1933. What is the highest common divisor of c and 68?
4
Let p(g) = -3*g - 9. Let w be p(-6). Let t(k) = k + 2 + 5 + 3 + 12. Let d be t(-13). What is the highest common divisor of w and d?
9
Let m = 41 - 38. Suppose 52 = m*o - 2*i, i - 3*i = o - 20. Calculate the highest common divisor of 12 and o.
6
Let d(m) = m**2 + 38. Let w be d(11). Calculate the highest common divisor of w and 53.
53
Let b = 242 - 557. Let n = -222 - b. Calculate the greatest common divisor of 31 and n.
31
Let o(j) = -49*j + 1. Let d be o(-2). Calculate the greatest common divisor of 9 and d.
9
Let r be 6/33 - (-390)/33. Let g(q) = -41*q + 2. Let a be g(-2). What is the greatest common factor of a and r?
12
Suppose 0 = 16*d - 2*d - 1120. Let k(r) = r**3 - 8*r**2 + 10*r - 5. Suppose 0 = -0*s - 2*s + 14. Let m be k(s). Calculate the greatest common factor of d and m.
16
Let g(a) = -2*a**3 - 16*a**2 - 26*a + 48. Let q be g(-8). Calculate the highest common divisor of q and 96.
32
Let d = 16 + 48. Let n(w) = -13*w - 7. Let h be n(-3). Suppose s - 5*s = -h. Calculate the highest common factor of d and s.
8
Let j be 10*10/125*5. What is the greatest common factor of j and 44?
4
Let y(q) = -q**2 + 14*q - 9. Let a be y(14). Let c = 0 - a. Suppose x = 1, c*x = 2*f + 4*x + 1. What is the highest common factor of f and 8?
2
Suppose -3136 = -31*m + 894. Calculate the highest common factor of m and 30.
10
Let y(f) = f**3 + 21*f**2 - 23*f - 16. Let x be y(-22). Suppose -x*i + 144 + 36 = 0. Let z = 439 - 199. What is the greatest common divisor of i and z?
30
Let k(t) = -3*t - 3. Let m be k(-6). Suppose 3*n = m*n - 2112. What is the greatest common factor of n and 22?
22
Suppose 6213 = 21*f + 1509. Calculate the highest common divisor of f and 84.
28
Let q(z) = -20*z - 56. Let n be q(-4). What is the highest common divisor of 16 and n?
8
Let w be -100 + 93 - (-109)/2*6. What is the highest common divisor of 70 and w?
10
Let u be 9 + (-567 - 0)/(-3). Let z = -14 + 36. What is the highest common factor of u and z?
22
Let u be 48/80 - (-124)/10. Let t(d) = 2*d**3 - 6*d**2 + 4*d + 7. Let f be t(6). Calculate the highest common factor of f and u.
13
Suppose -7*s = -14*s + 910. What is the highest common divisor of 10 and s?
10
Let x = -130 + 139. Suppose 0*k - 6 = -k. Calculate the greatest common divisor of k and x.
3
Suppose 5*u = 3*b - 89, -3*u - b - 59 = -0*u. Let l = u - -95. Calculate the greatest common factor of l and 19.
19
Let q = -337 + 385. What is the greatest common divisor of q and 160?
16
Let k = -379 - -435. Calculate the greatest common factor of 728 and k.
56
Suppose 2925 = -32*x + 8589. What is the greatest common divisor of 6 and x?
3
Let x(l) = l**2 - l + 13. Let d be x(0). Let i = 77 + d. What is the greatest common divisor of i and 10?
10
Suppose -29 = -5*k - 14. Let j be k/(-2) - (-1005)/10. Calculate the highest common factor of j and 11.
11
Suppose -3*o = -3*l + l - 730, 0 = -4*o + 5*l + 978. Let b(i) = -128*i - 106. Let q be b(-1). What is the greatest common divisor of o and q?
22
Let v = -1140 - -1144. Calculate the highest common divisor of v and 74.
2
Suppose 3*x - 7 = 5*m - 3*m, 4*x = 5*m + 14. Let u(i) = 84*i + 1. Let h be u(x). Calculate the highest common divisor of 17 and h.
17
Let k be 89 + -6 + 5 + -7. Suppose 3*j - 5*f = 4 + 28, 2*j + f = 17. Calculate the highest common divisor of k and j.
9
Let f(w) be the third derivative of w**4/4 - 10*w**3/3 - 8*w**2. Let b be f(7). What is the greatest common divisor of 154 and b?
22
Let f be 1 + (-6*5)/(-2). Let i be (30/(-4))/((-8)/f). What is the greatest common divisor of 5 and i?
5
Let b(g) = 11*g - 4. Let s be b(2). Suppose -y + 3*y = -s. Let h be (-960)/(-54) + (-2)/y. Calculate the highest common divisor of 2 and h.
2
Suppose -15*s + 73*s - 2552 = 0. What is the greatest common factor of 1100 and s?
44
Let s be -1 - (-6)/(24/148). Calculate the greatest common divisor of 156 and s.
12
Let a = 377 + -168. Calculate the greatest common divisor of 19 and a.
19
Let t(p) = 7*p. Let i be t(-1). Let c(u) = -4*u - 6. Let g be c(i). Calculate the greatest common divisor of g and 88.
22
Let k = -1124 + 1186. Calculate the greatest common divisor of 713 and k.
31
Let d = 17 + -12. Suppose -5*r + 20 = -10*r, 4*b - 496 = d*r. Let p(l) = l**2 - 2*l + 2. Let i be p(5). Calculate the highest common divisor of b and i.
17
Let m be (-277)/5 - 32/(-80). Let t = -43 - m. What is the greatest common divisor of 84 and t?
12
Suppose 0 = -3*m + 2*v + 35, -2*v + 16 + 12 = 4*m. Let k(r) = r - 8. Let z be k(m). What is the greatest common factor of z and 1?
1
Let q(x) = -2*x**2 - 65*x - 47. Let y be q(-34). Let c = y + 157. Calculate the highest common factor of c and 14.
2
Suppose 32 = 7*s - 3*s + 3*o, 2*s + o - 16 = 0. Let h be (68/(-4) + 9)*(-4)/1. What is the greatest common factor of h and s?
8
Let n(w) = 114*w**3 - w**2 - 5*w + 4. Let y be n(1). What is the greatest common divisor of y and 21?
7
Let q = -19 - -12. Let j be (q - -1)*(-4)/6. Suppose 20 = 2*x - j. Calculate the highest common factor of x and 60.
12
Let g = -4 - -8. Let q be 1/g + 5940/(-16). Let l be 1/3 + q/(-21). Calculate the highest common divisor of l and 198.
18
Let b = -148 + 185. Calculate the greatest common divisor of b and 37.
37
Let z(d) = -d**2 - 8*d + 14. Let j be z(-10). Let q be 11 + (48/32)/(j/8). What is the greatest commo